 is the units digit of r/(-2 - -7)*36?
6
Let g(h) = 498*h**2 - 44*h + 2. What is the thousands digit of g(-3)?
4
Let j = -4380 + 6183. What is the tens digit of j?
0
Suppose 3 - 5 = -n. Let s = 7 - -1. Suppose 5*t = -3*o - n*o + 10, -4*o = -t - s. What is the units digit of o?
2
Let o(p) = p**3 - p**2 - 1. Let h(c) = 62*c**3 + 4*c**2 + 3. Let b(f) = -h(f) - 4*o(f). What is the units digit of b(-1)?
7
Let h be (-18)/7 - 9/21 - 0. What is the hundreds digit of (-4)/(-3) - 404/h?
1
Let z(o) = -4*o + 13. Let t be z(6). Let q = 15 + t. Suppose -5*c = -2*h + 83, 5*h - q*c = 248 - 32. What is the units digit of h?
4
Let f(z) = 2*z - 50. Let o be f(6). Let h = 20 - o. What is the tens digit of h?
5
Let v(i) be the third derivative of 0*i**3 + 0 - 2*i**2 + 0*i + 1/60*i**5 + 1/24*i**4. What is the units digit of v(-4)?
2
Let r = 2126 + -1060. What is the hundreds digit of r?
0
Let d = -1330 + 2567. What is the thousands digit of d?
1
Suppose -33*b + 39*b - 11868 = 0. What is the tens digit of b?
7
Suppose 963 = 36*c - 33*c. What is the units digit of c?
1
Let y(l) = -21*l - 5. Let w = -90 + 86. What is the units digit of y(w)?
9
Let v be 2/(3 - (-40)/(-14)). Suppose -4*g = -4*c + 5*c + 11, 0 = 2*c - g - v. Suppose 4*a = c*a - 62. What is the tens digit of a?
6
Let a(y) = -y - 7. Let p be a(-14). Let i(c) be the third derivative of c**4/12 - c**3/6 + 8*c**2. What is the units digit of i(p)?
3
Let s(k) = 219*k**3 + k**2 - 3*k + 2. Let c be s(1). Suppose -5*m + c = 2*n, 94 = 2*m - 0*m + 4*n. What is the tens digit of m?
4
Let p(y) = -9*y + 8. Let c(j) = 7*j - 2. Let i(a) = 22*a - 5. Let f(b) = -7*c(b) + 2*i(b). Let m(n) = -11*f(n) + 6*p(n). What is the units digit of m(5)?
9
Suppose -4*a - 2*d = -4342, -2*a - 83*d = -81*d - 2168. What is the hundreds digit of a?
0
Suppose -2*w + 6 = k, -5*w + 16 = -2*w - 2*k. What is the units digit of 848/12 + w/(-6) - -3?
3
Let d(m) = 236*m**2 - 7*m + 5. Let h be d(4). What is the tens digit of h/45 - (-2 - 24/(-10))?
8
Suppose 2*j = 3*k - 5*k + 324, -4*j = -k - 638. What is the hundreds digit of j?
1
Suppose 0*u + u = -4*x + 1519, 4*x + 6*u = 1514. What is the units digit of x?
0
Let p(a) = 2*a - 11. Let y be p(8). Suppose 0 = 2*s - 4, -1 + 3 = 3*n - y*s. Suppose -39 = -2*z - 2*k + 7, -n*z = 5*k - 89. What is the tens digit of z?
2
Let k be (3/2)/((-1)/(-2)). Suppose 2*r - 352 = -3*r + k*w, -2*r = -3*w - 148. What is the tens digit of r?
6
Let d(m) = 123 - 156*m + 121 - 237. What is the units digit of d(-2)?
9
Suppose 3*s + 615 = -d + 4*d, -4*d = 4*s - 844. What is the units digit of d?
8
Let c(t) = -3*t - 5. Suppose -4 = -3*o - 19. What is the units digit of c(o)?
0
Let a(j) = -69 + 3*j**3 + 10*j - 2*j**3 + j**2 - 9*j. Let b be a(0). Let x = -6 - b. What is the units digit of x?
3
Suppose -3*u + 1 + 5 = 0. Let d be u - (25 + 1) - 2. What is the units digit of (d/8)/(4/(-16))?
3
Let w be (24/(-15))/(6/(-75)). Let f = -16 + w. Suppose -o - f*o = -3*d + 4, 5*d = o + 14. What is the units digit of o?
1
Let c be (-1827)/(-377) - ((-22)/(-26) + -1). Suppose c*h = 795 - 80. What is the hundreds digit of h?
1
Let b be 1701/14 + (-2)/(-4). Suppose 3*h - b = h - 2*a, 0 = 2*h + 4*a - 130. What is the tens digit of h?
5
Let h(w) = -w**2 + 6*w. Let t be h(5). Suppose -32 = -t*s - d, -3 = s - 4*d - 1. Let o(c) = -c**2 + 8*c - 6. What is the units digit of o(s)?
6
Let q(r) be the third derivative of 3*r**5/5 - r**4/24 + r**3/6 + 50*r**2. What is the units digit of q(1)?
6
Suppose 18 = -o + 2*o + 4*w, 0 = 4*o - 2*w - 36. Suppose -o = -k - 5. Suppose -r - d - 19 = -k*r, -3*r - 5*d + 43 = 0. What is the units digit of r?
6
Suppose 3 = 5*u - 7. Suppose -10 = -a + u. What is the units digit of a/42 - (-187)/7?
7
Let a be ((-115)/(-15))/(3/27). Suppose 243 + a = 4*p. Suppose j = -j + p. What is the units digit of j?
9
What is the tens digit of (-392)/(-6) - (-3)/36*-4?
6
Suppose -t + 5*o - 4*o + 150 = 0, 2*t + 2*o - 296 = 0. Suppose -25 = -r - 4*r, -5*r + t = 2*k. What is the tens digit of k?
6
Let i = 950 + -400. What is the tens digit of i?
5
Let h = -37 - -86. Suppose 0 = 5*u - 16*u + 33. Suppose 0 = -l + u*z - 0*z + h, -2*z = 10. What is the tens digit of l?
3
What is the hundreds digit of 1594*(-1)/(-6) - (-10)/(-6)?
2
Suppose 597 = 9*l - 6*l - f, 3*l - 603 = -f. What is the units digit of l?
0
Let r be 5/75*5*9. Suppose 2*g - 50 = r*v, 0 = -g - 5*v + 36 - 11. What is the tens digit of g?
2
Suppose 10*w - 6*w - 16 = 0. What is the units digit of (-12)/48 + 245/w?
1
What is the units digit of (1 + -2 - (-96)/16) + 36?
1
Let n(f) = 237*f + 166. What is the hundreds digit of n(5)?
3
Suppose -2*w + 5*w + 10 = -4*i, 14 = -w - 4*i. Suppose -w*h + 11 = 2*c - 43, 3*h + 5*c - 87 = 0. What is the tens digit of h?
2
Suppose 0*w - w = 6. Let p(f) = -2 + 3 - 13 + 0*f - 4*f. What is the tens digit of p(w)?
1
Suppose 0 = -5*p - 15 - 10, -2315 = -5*y + 5*p. What is the units digit of y?
8
Let u = 559 + -357. Suppose 5*v - 358 - u = 0. Suppose -4*r + 116 = -5*m, 2*r - v = -2*r + 4*m. What is the tens digit of r?
2
Let g(n) = -67 + n**2 - 63 + 119. Suppose c + 2*t - 16 = 4*c, 14 = -2*c - 2*t. What is the units digit of g(c)?
5
Let y = -24 + 19. Let v(z) = -6*z + 2. Let u be v(y). Suppose -4*m + 60 = -u. What is the tens digit of m?
2
Suppose -u = 4*u - 100. Suppose -2*c + u = -12. Let t(r) = 3*r - 11. What is the units digit of t(c)?
7
Let o(q) = -q**3 + 8*q**2 + 9*q + 2. Let t be o(9). Suppose t*w - 440 = 4*v, -3*v + 12 = -7*v. What is the tens digit of (-7)/(-14) + w/4?
5
Let p(a) = 4*a**2 - 15*a + 1. Let g be p(6). What is the tens digit of (-10)/4*(-1782)/g?
8
What is the thousands digit of (6/(-15)*-5)/(8/7016)?
1
Let d = -51 - -27. Let s = d - -14. Let i = -8 - s. What is the units digit of i?
2
Let y(p) = -3*p + 14*p + 0*p + 9. What is the tens digit of y(4)?
5
Let r = -907 - -1902. What is the tens digit of r?
9
Let m = 459 + -414. What is the units digit of m?
5
Let d = 1465 + -1200. What is the units digit of d?
5
Suppose 0 = -11*u + 6*u - 5, -4*p + 5*u + 1289 = 0. What is the units digit of p?
1
Let i be 4*9/12 - 3. What is the units digit of (-2)/(i + 8/(-852))?
3
Let o(a) = 7*a**3 + 3*a**2 + 6*a - 7. What is the tens digit of o(3)?
2
Let i(s) be the first derivative of s**4/4 + 4*s**3 + s**2 + 10*s + 1. Let h be i(-12). Let m = h + 26. What is the tens digit of m?
1
Suppose -2*w + 2604 = 2*w - 4*x, -3*w - 4*x = -1939. What is the units digit of w?
9
Suppose -19103 - 19399 = -27*d. What is the thousands digit of d?
1
Suppose 2423 = 4*m - 3521. What is the hundreds digit of m?
4
Let t(b) = -4*b**2 - 3*b**2 - 9 + 15 + b**3 - 11*b. What is the units digit of t(9)?
9
Suppose 0 = -2*h + 2*i + 6, -4*i + 2*i = 0. Suppose 7*l = 4*l + 126. Suppose -y - l = -h*y. What is the units digit of y?
1
Let z = 1828 + 1644. What is the tens digit of z?
7
Let b(c) = 5*c**2 - 9*c + 28. Let f(o) = 14*o**2 - 27*o + 84. Let j(n) = 17*b(n) - 6*f(n). What is the tens digit of j(-13)?
2
Let t(f) = f**3 + 5*f**2 - 9*f - 9. Let r = -41 + 36. What is the tens digit of t(r)?
3
Suppose -19 - 2 = -7*z. Let u be (z/(-2))/((-5)/(-10)). What is the units digit of (u/(-9))/((-1)/(-153))?
1
Suppose -5*z = 5*b - 16060, -b = -1 + 2. What is the units digit of z?
3
Let o(a) = -4*a**2 - 3. Let x be o(2). Let v = -97 - -55. Let b = x - v. What is the tens digit of b?
2
Let j(o) be the second derivative of 5*o**4/12 + 2*o**3/3 - o**2/2 - 2*o. What is the tens digit of j(3)?
5
Let o = 15 - 9. Let j = 25 - 14. Let w = j - o. What is the units digit of w?
5
Let y(s) = 3*s**2 - 9*s - 12. What is the tens digit of y(-9)?
1
Let t(c) = -10*c**2 - c - 3. Let f(s) = 20*s**2 + 3*s + 7. Let z be -5 - (-3)/(0 - -1). Let o(q) = z*f(q) - 5*t(q). What is the units digit of o(2)?
9
Suppose 0 = -20*r + 21830 - 5550. What is the units digit of r?
4
Let m(o) be the third derivative of o**5/60 - o**4/4 - o**3/2 + 5*o**2. Let n be m(6). Let t(u) = -12*u + 3. What is the tens digit of t(n)?
3
Let r be 130/4*(2 - (-42)/(-15)). Let y = r + 44. What is the tens digit of y?
1
Let d(n) = 5 + 14*n - 1 - 15*n. Let i(w) = 5*w - 25. Let x(l) = 25*d(l) + 4*i(l). What is the tens digit of x(-2)?
1
Suppose -r + 4*r - 12 = -2*i, 4*r - 4*i = 36. What is the units digit of r?
6
Let y be (-67)/(-13) - (-6)/(-39). Su